{"id":186,"date":"2019-08-27T13:03:46","date_gmt":"2019-08-27T11:03:46","guid":{"rendered":"https:\/\/natureeco.org\/?p=186"},"modified":"2020-01-21T15:14:29","modified_gmt":"2020-01-21T14:14:29","slug":"4-1-steuergrundsaetze","status":"publish","type":"page","link":"https:\/\/natureeco.org\/?page_id=186","title":{"rendered":"4.a Steuergrunds\u00e4tze"},"content":{"rendered":"<p>1. Was ich der Natur entnehme wird besteuert!<\/p>\n<p>2. Was ich von der Natur benutze wird besteuert!<\/p>\n<p>3. Was ich ihr &#8222;nat\u00fcrlich&#8220; zur\u00fcckgebe wird belohnt.<\/p>\n<p>4. Steuern auf nicht recycelbare Produkte werden angespart und bei Forschungserfolgen zum Recycling ausbezahlt.<\/p>\n<p>5. Steuers\u00e4tze sind mindestens j\u00e4hrlich zu \u00fcberpr\u00fcfen und ggf. neu festzustellen.<\/p>\n<p>Diese 5 Grunds\u00e4tze bilden den Anfang und werden durch weitere Regelungen erg\u00e4nzt bzw. detailliert.<\/p>\n<p>Zum gew\u00fcnschten Zustand wird eine l\u00e4ngere \u00dcbergangsphase notwendig sein und daher ist es wichtig auch hier M\u00f6glichkeiten aufzuzeigen und einen Ausblick auf den Endzustand anhand von Beispielen zu geben.<\/p>\n<p><a href=\"http:\/\/natureeco.org\/?page_id=191\">4.b Der \u00dcbergang<\/a><\/p>\n","protected":false},"excerpt":{"rendered":"<p>1. Was ich der Natur entnehme wird besteuert! 2. Was ich von der Natur benutze wird besteuert! 3. Was ich ihr &#8222;nat\u00fcrlich&#8220; zur\u00fcckgebe wird belohnt. 4. Steuern auf nicht recycelbare Produkte werden angespart und bei Forschungserfolgen zum Recycling ausbezahlt. 5. Steuers\u00e4tze sind mindestens j\u00e4hrlich zu \u00fcberpr\u00fcfen und ggf. neu festzustellen. Diese 5 Grunds\u00e4tze bilden den &hellip; <\/p>\n<p class=\"link-more\"><a href=\"https:\/\/natureeco.org\/?page_id=186\" class=\"more-link\"><span class=\"screen-reader-text\">\u201e4.a Steuergrunds\u00e4tze\u201c <\/span>weiterlesen<\/a><\/p>\n","protected":false},"author":1,"featured_media":0,"parent":0,"menu_order":0,"comment_status":"closed","ping_status":"closed","template":"","meta":{"give_campaign_id":0,"footnotes":""},"class_list":["post-186","page","type-page","status-publish","hentry"],"campaignId":"","jetpack_sharing_enabled":true,"_links":{"self":[{"href":"https:\/\/natureeco.org\/index.php?rest_route=\/wp\/v2\/pages\/186","targetHints":{"allow":["GET"]}}],"collection":[{"href":"https:\/\/natureeco.org\/index.php?rest_route=\/wp\/v2\/pages"}],"about":[{"href":"https:\/\/natureeco.org\/index.php?rest_route=\/wp\/v2\/types\/page"}],"author":[{"embeddable":true,"href":"https:\/\/natureeco.org\/index.php?rest_route=\/wp\/v2\/users\/1"}],"replies":[{"embeddable":true,"href":"https:\/\/natureeco.org\/index.php?rest_route=%2Fwp%2Fv2%2Fcomments&post=186"}],"version-history":[{"count":7,"href":"https:\/\/natureeco.org\/index.php?rest_route=\/wp\/v2\/pages\/186\/revisions"}],"predecessor-version":[{"id":381,"href":"https:\/\/natureeco.org\/index.php?rest_route=\/wp\/v2\/pages\/186\/revisions\/381"}],"wp:attachment":[{"href":"https:\/\/natureeco.org\/index.php?rest_route=%2Fwp%2Fv2%2Fmedia&parent=186"}],"curies":[{"name":"wp","href":"https:\/\/api.w.org\/{rel}","templated":true}]}}