{"id":148,"date":"2019-07-18T10:24:28","date_gmt":"2019-07-18T08:24:28","guid":{"rendered":"http:\/\/natureeco.org\/?p=148"},"modified":"2020-01-21T15:05:03","modified_gmt":"2020-01-21T14:05:03","slug":"3-a-die-tierwelt","status":"publish","type":"page","link":"https:\/\/natureeco.org\/?page_id=148","title":{"rendered":"3.a Die Tierwelt"},"content":{"rendered":"\n<p>Wir haben schon im Kapitel 2 die ersten Spezialisten kennengelernt und in diesem Kapitel soll es nur um die Tierwelt gehen.<\/p>\n\n\n\n<p>Aufgrund der (noch) gro\u00dfen Artenvielfalt machen aber nur die wichtigsten Analogien Sinn und so fangen wir mit uns an, dem Menschen.<\/p>\n\n\n\n<p>Die meisten Menschen auf der Welt leben als Selbsterzeuger, Fischer, einfache Arbeiter oder Angestellte. <br>Keinerlei abwertend sind sie die wichtigsten Mitglieder einer Gesellschaft, analog zu K\u00e4fern, Ameisen, Insekten,&#8230;. <br>Sie bilden die Gesellschaft im Sinne der Natur und sorgen f\u00fcr die Pflanzenwelt z.B. mit Verwertung und Best\u00e4ubung der Bl\u00fcten.<\/p>\n\n\n\n<p>Aber es gibt auch dominantere Spezien und so setze ich zum Beispiel Finanzinvestoren gleich mit V\u00f6geln.<br>Durch ihren Kot sorgen sie f\u00fcr die Initialz\u00fcndung von Firmen in dem sie Samen verteilen. Wie Finanzinvestoren fressen sie auch die Fr\u00fcchte der B\u00e4ume und Str\u00e4ucher (=Dividende), obwohl sie nicht aktiv am Baum gearbeitet haben. <br>Zumeist sind sie auch nicht lokal gebunden, sondern sorgen gesellschafts\u00fcbergreifend f\u00fcr die Verteilung von Samen.<\/p>\n\n\n\n<p>Erstaunlich wie doch einige Analogien passen, oder? <br><br><a href=\"https:\/\/natureeco.org\/?page_id=153\">3.b Fressen und gefressen werden<\/a><\/p>\n\n\n\n<figure class=\"wp-block-image size-large\"><img loading=\"lazy\" decoding=\"async\" width=\"1024\" height=\"989\" src=\"https:\/\/natureeco.org\/wp-content\/uploads\/2019\/09\/tierwelt-2-1024x989.png\" alt=\"Tierwelt\" class=\"wp-image-226\" srcset=\"https:\/\/natureeco.org\/wp-content\/uploads\/2019\/09\/tierwelt-2-1024x989.png 1024w, https:\/\/natureeco.org\/wp-content\/uploads\/2019\/09\/tierwelt-2-300x290.png 300w, https:\/\/natureeco.org\/wp-content\/uploads\/2019\/09\/tierwelt-2-768x741.png 768w\" sizes=\"auto, (max-width: 767px) 89vw, (max-width: 1000px) 54vw, (max-width: 1071px) 543px, 580px\" \/><figcaption>Tierwelt<\/figcaption><\/figure>\n","protected":false},"excerpt":{"rendered":"<p>Wir haben schon im Kapitel 2 die ersten Spezialisten kennengelernt und in diesem Kapitel soll es nur um die Tierwelt gehen. Aufgrund der (noch) gro\u00dfen Artenvielfalt machen aber nur die wichtigsten Analogien Sinn und so fangen wir mit uns an, dem Menschen. Die meisten Menschen auf der Welt leben als Selbsterzeuger, Fischer, einfache Arbeiter oder &hellip; <\/p>\n<p class=\"link-more\"><a href=\"https:\/\/natureeco.org\/?page_id=148\" class=\"more-link\"><span class=\"screen-reader-text\">\u201e3.a Die Tierwelt\u201c <\/span>weiterlesen<\/a><\/p>\n","protected":false},"author":1,"featured_media":0,"parent":0,"menu_order":0,"comment_status":"closed","ping_status":"closed","template":"","meta":{"give_campaign_id":0,"footnotes":""},"class_list":["post-148","page","type-page","status-publish","hentry"],"campaignId":"","jetpack_sharing_enabled":true,"_links":{"self":[{"href":"https:\/\/natureeco.org\/index.php?rest_route=\/wp\/v2\/pages\/148","targetHints":{"allow":["GET"]}}],"collection":[{"href":"https:\/\/natureeco.org\/index.php?rest_route=\/wp\/v2\/pages"}],"about":[{"href":"https:\/\/natureeco.org\/index.php?rest_route=\/wp\/v2\/types\/page"}],"author":[{"embeddable":true,"href":"https:\/\/natureeco.org\/index.php?rest_route=\/wp\/v2\/users\/1"}],"replies":[{"embeddable":true,"href":"https:\/\/natureeco.org\/index.php?rest_route=%2Fwp%2Fv2%2Fcomments&post=148"}],"version-history":[{"count":6,"href":"https:\/\/natureeco.org\/index.php?rest_route=\/wp\/v2\/pages\/148\/revisions"}],"predecessor-version":[{"id":377,"href":"https:\/\/natureeco.org\/index.php?rest_route=\/wp\/v2\/pages\/148\/revisions\/377"}],"wp:attachment":[{"href":"https:\/\/natureeco.org\/index.php?rest_route=%2Fwp%2Fv2%2Fmedia&parent=148"}],"curies":[{"name":"wp","href":"https:\/\/api.w.org\/{rel}","templated":true}]}}