{"id":103,"date":"2019-06-04T17:36:24","date_gmt":"2019-06-04T15:36:24","guid":{"rendered":"http:\/\/natureeco.org\/?p=103"},"modified":"2019-12-26T15:05:22","modified_gmt":"2019-12-26T14:05:22","slug":"1-kapitel-zusammenfassung","status":"publish","type":"page","link":"https:\/\/natureeco.org\/?page_id=103","title":{"rendered":"1. Kapitel &#8211; Zusammenfassung"},"content":{"rendered":"\n<p>Das erste Kapitel w\u00e4re somit geschafft und die Akteure des Modells erkl\u00e4rt. Hier nochmal die \u00dcbersicht:<\/p>\n\n\n\n<div class=\"wp-block-image\"><figure class=\"alignright is-resized\"><img loading=\"lazy\" decoding=\"async\" src=\"https:\/\/natureeco.org\/wp-content\/uploads\/2019\/09\/zusammenfassung-2-1024x988.png\" alt=\"Natureeco Gesamtbild\" class=\"wp-image-228\" width=\"374\" height=\"361\" srcset=\"https:\/\/natureeco.org\/wp-content\/uploads\/2019\/09\/zusammenfassung-2-1024x988.png 1024w, https:\/\/natureeco.org\/wp-content\/uploads\/2019\/09\/zusammenfassung-2-300x290.png 300w, https:\/\/natureeco.org\/wp-content\/uploads\/2019\/09\/zusammenfassung-2-768x741.png 768w\" sizes=\"auto, (max-width: 374px) 100vw, 374px\" \/><figcaption>Natureeco Gesamtbild<\/figcaption><\/figure><\/div>\n\n\n\n<p>Es steht:<br>1 a. Die Erde bzw. das Meer:<br><strong>F\u00fcr die Gesellschaft<\/strong><br><br> 1 b. Die Pflanzenwelt:<br><strong>F\u00fcr Firmen und Institutionen<\/strong><br><br> 1 c. Die Tierwelt<br><strong>F\u00fcr den Menschen und die Tierwelt<\/strong><br><br> 1 d. Das Wetter:<br><strong>F\u00fcr regelm\u00e4\u00dfige Zyklen aber auch zuf\u00e4llige Ereignisse und Katastrophen<\/strong><\/p>\n\n\n\n<p>Das wars und nun los.<\/p>\n","protected":false},"excerpt":{"rendered":"<p>Das erste Kapitel w\u00e4re somit geschafft und die Akteure des Modells erkl\u00e4rt. Hier nochmal die \u00dcbersicht: Es steht:1 a. Die Erde bzw. das Meer:F\u00fcr die Gesellschaft 1 b. Die Pflanzenwelt:F\u00fcr Firmen und Institutionen 1 c. Die TierweltF\u00fcr den Menschen und die Tierwelt 1 d. Das Wetter:F\u00fcr regelm\u00e4\u00dfige Zyklen aber auch zuf\u00e4llige Ereignisse und Katastrophen Das &hellip; <\/p>\n<p class=\"link-more\"><a href=\"https:\/\/natureeco.org\/?page_id=103\" class=\"more-link\"><span class=\"screen-reader-text\">\u201e1. Kapitel &#8211; Zusammenfassung\u201c <\/span>weiterlesen<\/a><\/p>\n","protected":false},"author":1,"featured_media":0,"parent":0,"menu_order":0,"comment_status":"closed","ping_status":"closed","template":"","meta":{"give_campaign_id":0,"footnotes":""},"class_list":["post-103","page","type-page","status-publish","hentry"],"campaignId":"","jetpack_sharing_enabled":true,"_links":{"self":[{"href":"https:\/\/natureeco.org\/index.php?rest_route=\/wp\/v2\/pages\/103","targetHints":{"allow":["GET"]}}],"collection":[{"href":"https:\/\/natureeco.org\/index.php?rest_route=\/wp\/v2\/pages"}],"about":[{"href":"https:\/\/natureeco.org\/index.php?rest_route=\/wp\/v2\/types\/page"}],"author":[{"embeddable":true,"href":"https:\/\/natureeco.org\/index.php?rest_route=\/wp\/v2\/users\/1"}],"replies":[{"embeddable":true,"href":"https:\/\/natureeco.org\/index.php?rest_route=%2Fwp%2Fv2%2Fcomments&post=103"}],"version-history":[{"count":4,"href":"https:\/\/natureeco.org\/index.php?rest_route=\/wp\/v2\/pages\/103\/revisions"}],"predecessor-version":[{"id":264,"href":"https:\/\/natureeco.org\/index.php?rest_route=\/wp\/v2\/pages\/103\/revisions\/264"}],"wp:attachment":[{"href":"https:\/\/natureeco.org\/index.php?rest_route=%2Fwp%2Fv2%2Fmedia&parent=103"}],"curies":[{"name":"wp","href":"https:\/\/api.w.org\/{rel}","templated":true}]}}

<p>Das erste Kapitel wäre somit geschafft und die Akteure des Modells erklärt. Hier nochmal die Übersicht:</p>



<div class="wp-block-image"><figure class="alignright is-resized"><img loading="lazy" decoding="async" src="https://natureeco.org/wp-content/uploads/2019/09/zusammenfassung-2-1024x988.png" alt="Natureeco Gesamtbild" class="wp-image-228" width="374" height="361" srcset="https://natureeco.org/wp-content/uploads/2019/09/zusammenfassung-2-1024x988.png 1024w, https://natureeco.org/wp-content/uploads/2019/09/zusammenfassung-2-300x290.png 300w, https://natureeco.org/wp-content/uploads/2019/09/zusammenfassung-2-768x741.png 768w" sizes="auto, (max-width: 374px) 100vw, 374px" /><figcaption>Natureeco Gesamtbild</figcaption></figure></div>



<p>Es steht:<br>1 a. Die Erde bzw. das Meer:<br><strong>Für die Gesellschaft</strong><br><br> 1 b. Die Pflanzenwelt:<br><strong>Für Firmen und Institutionen</strong><br><br> 1 c. Die Tierwelt<br><strong>Für den Menschen und die Tierwelt</strong><br><br> 1 d. Das Wetter:<br><strong>Für regelmäßige Zyklen aber auch zufällige Ereignisse und Katastrophen</strong></p>



<p>Das wars und nun los.</p>

<p>Das erste Kapitel wäre somit geschafft und die Akteure des Modells erklärt. Hier nochmal die Übersicht: Es steht:1 a. Die Erde bzw. das Meer:Für die Gesellschaft 1 b. Die Pflanzenwelt:Für Firmen und Institutionen 1 c. Die TierweltFür den Menschen und die Tierwelt 1 d. Das Wetter:Für regelmäßige Zyklen aber auch zufällige Ereignisse und Katastrophen Das &hellip; </p>
<p class="link-more"><a href="https://natureeco.org/?page_id=103" class="more-link"><span class="screen-reader-text">„1. Kapitel &#8211; Zusammenfassung“ </span>weiterlesen</a></p>
